{"id":10,"date":"2024-01-12T18:50:34","date_gmt":"2024-01-12T18:50:34","guid":{"rendered":"https:\/\/phsusinagem.com.br\/site\/?page_id=10"},"modified":"2024-01-12T16:34:57","modified_gmt":"2024-01-12T19:34:57","slug":"contato","status":"publish","type":"page","link":"https:\/\/phsusinagem.com.br\/site\/","title":{"rendered":"Home"},"content":{"rendered":"\t\t<div data-elementor-type=\"wp-page\" data-elementor-id=\"10\" class=\"elementor elementor-10\">\n\t\t\t\t<div class=\"elementor-element elementor-element-96e3487 e-flex e-con-boxed e-con e-parent\" data-id=\"96e3487\" data-element_type=\"container\" data-e-type=\"container\" data-settings=\"{&quot;background_background&quot;:&quot;gradient&quot;}\">\n\t\t\t\t\t<div class=\"e-con-inner\">\n\t\t<div class=\"elementor-element elementor-element-3384d4b e-con-full e-flex e-con e-child\" data-id=\"3384d4b\" data-element_type=\"container\" data-e-type=\"container\">\n\t\t\t\t<div class=\"elementor-element elementor-element-7fc4f2e elementor-widget elementor-widget-image\" data-id=\"7fc4f2e\" data-element_type=\"widget\" data-e-type=\"widget\" data-widget_type=\"image.default\">\n\t\t\t\t<div class=\"elementor-widget-container\">\n\t\t\t\t\t\t\t\t\t\t\t\t\t\t\t<img decoding=\"async\" width=\"213\" height=\"131\" src=\"https:\/\/phsusinagem.com.br\/site\/wp-content\/uploads\/2024\/01\/logo-phs-1.png\" class=\"attachment-large size-large wp-image-21\" alt=\"\" \/>\t\t\t\t\t\t\t\t\t\t\t\t\t\t\t<\/div>\n\t\t\t\t<\/div>\n\t\t\t\t<div class=\"elementor-element elementor-element-8479b25 elementor-widget-mobile__width-initial elementor-widget elementor-widget-heading\" data-id=\"8479b25\" data-element_type=\"widget\" data-e-type=\"widget\" data-widget_type=\"heading.default\">\n\t\t\t\t<div class=\"elementor-widget-container\">\n\t\t\t\t\t<h1 class=\"elementor-heading-title elementor-size-default\">(19) 3458-9111 | (19) 3458-9238<\/h1>\t\t\t\t<\/div>\n\t\t\t\t<\/div>\n\t\t\t\t<div class=\"elementor-element elementor-element-520edf5 elementor-widget elementor-widget-heading\" data-id=\"520edf5\" data-element_type=\"widget\" data-e-type=\"widget\" data-widget_type=\"heading.default\">\n\t\t\t\t<div class=\"elementor-widget-container\">\n\t\t\t\t\t<h1 class=\"elementor-heading-title elementor-size-default\">Rua do Caf\u00e9, 237- Jd. P\u00e9rola\nSanta B\u00e1rbara d'Oeste \/ SP\nCEP: 13454-171<\/h1>\t\t\t\t<\/div>\n\t\t\t\t<\/div>\n\t\t\t\t<div class=\"elementor-element elementor-element-876d752 elementor-widget elementor-widget-google_maps\" data-id=\"876d752\" data-element_type=\"widget\" data-e-type=\"widget\" data-widget_type=\"google_maps.default\">\n\t\t\t\t<div class=\"elementor-widget-container\">\n\t\t\t\t\t\t\t<div class=\"elementor-custom-embed\">\n\t\t\t<iframe loading=\"lazy\"\n\t\t\t\t\tsrc=\"https:\/\/maps.google.com\/maps?q=PHS%20Usinagem&#038;t=m&#038;z=14&#038;output=embed&#038;iwloc=near\"\n\t\t\t\t\ttitle=\"PHS Usinagem\"\n\t\t\t\t\taria-label=\"PHS Usinagem\"\n\t\t\t><\/iframe>\n\t\t<\/div>\n\t\t\t\t\t\t<\/div>\n\t\t\t\t<\/div>\n\t\t\t\t<div class=\"elementor-element elementor-element-0c76f4c elementor-widget elementor-widget-heading\" data-id=\"0c76f4c\" data-element_type=\"widget\" data-e-type=\"widget\" data-widget_type=\"heading.default\">\n\t\t\t\t<div class=\"elementor-widget-container\">\n\t\t\t\t\t<h1 class=\"elementor-heading-title elementor-size-default\">phs@phsusinagem.com.br<\/h1>\t\t\t\t<\/div>\n\t\t\t\t<\/div>\n\t\t\t\t<\/div>\n\t\t<div class=\"elementor-element elementor-element-eeeb369 e-con-full e-flex e-con e-child\" data-id=\"eeeb369\" data-element_type=\"container\" data-e-type=\"container\">\n\t\t\t\t<div class=\"elementor-element elementor-element-28ec981 elementor-widget elementor-widget-htmega-contactform-addons\" data-id=\"28ec981\" data-element_type=\"widget\" data-e-type=\"widget\" data-widget_type=\"htmega-contactform-addons.default\">\n\t\t\t\t<div class=\"elementor-widget-container\">\n\t\t\t\t\t            <div class=\"htmega-form-wrapper sid28ec981 htmega-form-style-6\" >\n                \n<div class=\"wpcf7 no-js\" id=\"wpcf7-f34-o1\" lang=\"pt-BR\" dir=\"ltr\" data-wpcf7-id=\"34\">\n<div class=\"screen-reader-response\"><p role=\"status\" aria-live=\"polite\" aria-atomic=\"true\"><\/p> <ul><\/ul><\/div>\n<form action=\"\/site\/wp-json\/wp\/v2\/pages\/10#wpcf7-f34-o1\" method=\"post\" class=\"wpcf7-form init\" aria-label=\"Formul\u00e1rios de contato\" novalidate=\"novalidate\" data-status=\"init\">\n<fieldset class=\"hidden-fields-container\"><input type=\"hidden\" name=\"_wpcf7\" value=\"34\" \/><input type=\"hidden\" name=\"_wpcf7_version\" value=\"6.1.5\" \/><input type=\"hidden\" name=\"_wpcf7_locale\" value=\"pt_BR\" \/><input type=\"hidden\" name=\"_wpcf7_unit_tag\" value=\"wpcf7-f34-o1\" \/><input type=\"hidden\" name=\"_wpcf7_container_post\" value=\"0\" \/><input type=\"hidden\" name=\"_wpcf7_posted_data_hash\" value=\"\" \/><input type=\"hidden\" name=\"_wpcf7_recaptcha_response\" value=\"\" \/>\n<\/fieldset>\n<p><span class=\"wpcf7-form-control-wrap\" data-name=\"nome\"><input size=\"40\" maxlength=\"400\" class=\"wpcf7-form-control wpcf7-text wpcf7-validates-as-required\" aria-required=\"true\" aria-invalid=\"false\" placeholder=\"Nome:*\" value=\"\" type=\"text\" name=\"nome\" \/><\/span><br \/>\n<span class=\"wpcf7-form-control-wrap\" data-name=\"telefone\"><input size=\"40\" maxlength=\"400\" class=\"wpcf7-form-control wpcf7-text\" aria-invalid=\"false\" placeholder=\"Telefone c\/ DDD:\" value=\"\" type=\"text\" name=\"telefone\" \/><\/span><br \/>\n<span class=\"wpcf7-form-control-wrap\" data-name=\"empresa\"><input size=\"40\" maxlength=\"400\" class=\"wpcf7-form-control wpcf7-text wpcf7-validates-as-required\" aria-required=\"true\" aria-invalid=\"false\" placeholder=\"Empresa:*\" value=\"\" type=\"text\" name=\"empresa\" \/><\/span><br \/>\n<span class=\"wpcf7-form-control-wrap\" data-name=\"email\"><input size=\"40\" maxlength=\"400\" class=\"wpcf7-form-control wpcf7-email wpcf7-validates-as-required wpcf7-text wpcf7-validates-as-email\" aria-required=\"true\" aria-invalid=\"false\" placeholder=\"E-mail:*\" value=\"\" type=\"email\" name=\"email\" \/><\/span><br \/>\n<span class=\"wpcf7-form-control-wrap\" data-name=\"mensagem\"><textarea cols=\"40\" rows=\"10\" maxlength=\"2000\" class=\"wpcf7-form-control wpcf7-textarea\" aria-invalid=\"false\" placeholder=\"Mensagem:\" name=\"mensagem\"><\/textarea><\/span>\n<\/p>\n<p>Estou de acordo em fornecer os dados acima para que a PHS Usinagem entre em contato comigo, ciente de que esses dados ser\u00e3o utilizados pelas \u00e1reas de Marketing e Comercial para o envio de e-mails.\n<\/p>\n<p><span class=\"wpcf7-form-control-wrap\" data-name=\"aceite-lgpd\"><select class=\"wpcf7-form-control wpcf7-select wpcf7-validates-as-required\" aria-required=\"true\" aria-invalid=\"false\" name=\"aceite-lgpd\"><option value=\"Sim\">Sim<\/option><option value=\"N\u00e3o\">N\u00e3o<\/option><\/select><\/span>\n<\/p>\n<p><input class=\"wpcf7-form-control wpcf7-submit has-spinner\" type=\"submit\" value=\"Enviar\" \/>\n<\/p><div class=\"wpcf7-response-output\" aria-hidden=\"true\"><\/div>\n<\/form>\n<\/div>\n            <\/div>\n\n\n        \t\t\t\t<\/div>\n\t\t\t\t<\/div>\n\t\t\t\t<\/div>\n\t\t\t\t\t<\/div>\n\t\t\t\t<\/div>\n\t\t\t\t<\/div>\n\t\t","protected":false},"excerpt":{"rendered":"<p>(19) 3458-9111 | (19) 3458-9238 Rua do Caf\u00e9, 237- Jd. P\u00e9rola Santa B\u00e1rbara d&#8217;Oeste \/ SP CEP: 13454-171 phs@phsusinagem.com.br Estou de acordo em fornecer os dados acima para que a PHS Usinagem entre em contato comigo, ciente de que esses dados ser\u00e3o utilizados pelas \u00e1reas de Marketing e Comercial para o envio de e-mails. SimN\u00e3o<\/p>\n","protected":false},"author":1,"featured_media":0,"parent":0,"menu_order":0,"comment_status":"closed","ping_status":"closed","template":"elementor_canvas","meta":{"inline_featured_image":false,"footnotes":""},"class_list":["post-10","page","type-page","status-publish","hentry"],"yoast_head":"<!-- This site is optimized with the Yoast SEO plugin v27.3 - https:\/\/yoast.com\/product\/yoast-seo-wordpress\/ -->\n<title>PHS Usinagem | Contato<\/title>\n<meta name=\"description\" content=\"Entre em contato com a empresa PHS Usinagem e solicite seu or\u00e7amento para usinagem de pe\u00e7as de grande porte.\" \/>\n<meta name=\"robots\" content=\"index, follow, max-snippet:-1, max-image-preview:large, max-video-preview:-1\" \/>\n<link rel=\"canonical\" href=\"https:\/\/phsusinagem.com.br\/site\/\" \/>\n<meta property=\"og:locale\" content=\"pt_BR\" \/>\n<meta property=\"og:type\" content=\"article\" \/>\n<meta property=\"og:title\" content=\"PHS Usinagem | Contato\" \/>\n<meta property=\"og:description\" content=\"Entre em contato com a empresa PHS Usinagem e solicite seu or\u00e7amento para usinagem de pe\u00e7as de grande porte.\" \/>\n<meta property=\"og:url\" content=\"https:\/\/phsusinagem.com.br\/site\/\" \/>\n<meta property=\"og:site_name\" content=\"PHS Usinagem\" \/>\n<meta property=\"article:modified_time\" content=\"2024-01-12T19:34:57+00:00\" \/>\n<meta property=\"og:image\" content=\"https:\/\/phsusinagem.com.br\/site\/wp-content\/uploads\/2024\/01\/logo-phs-1.png\" \/>\n<meta name=\"twitter:card\" content=\"summary_large_image\" \/>\n<meta name=\"twitter:label1\" content=\"Est. tempo de leitura\" \/>\n\t<meta name=\"twitter:data1\" content=\"1 minuto\" \/>\n<script type=\"application\/ld+json\" class=\"yoast-schema-graph\">{\"@context\":\"https:\\\/\\\/schema.org\",\"@graph\":[{\"@type\":\"WebPage\",\"@id\":\"https:\\\/\\\/phsusinagem.com.br\\\/site\\\/\",\"url\":\"https:\\\/\\\/phsusinagem.com.br\\\/site\\\/\",\"name\":\"PHS Usinagem | Contato\",\"isPartOf\":{\"@id\":\"https:\\\/\\\/phsusinagem.com.br\\\/site\\\/#website\"},\"primaryImageOfPage\":{\"@id\":\"https:\\\/\\\/phsusinagem.com.br\\\/site\\\/#primaryimage\"},\"image\":{\"@id\":\"https:\\\/\\\/phsusinagem.com.br\\\/site\\\/#primaryimage\"},\"thumbnailUrl\":\"https:\\\/\\\/phsusinagem.com.br\\\/site\\\/wp-content\\\/uploads\\\/2024\\\/01\\\/logo-phs-1.png\",\"datePublished\":\"2024-01-12T18:50:34+00:00\",\"dateModified\":\"2024-01-12T19:34:57+00:00\",\"description\":\"Entre em contato com a empresa PHS Usinagem e solicite seu or\u00e7amento para usinagem de pe\u00e7as de grande porte.\",\"breadcrumb\":{\"@id\":\"https:\\\/\\\/phsusinagem.com.br\\\/site\\\/#breadcrumb\"},\"inLanguage\":\"pt-BR\",\"potentialAction\":[{\"@type\":\"ReadAction\",\"target\":[\"https:\\\/\\\/phsusinagem.com.br\\\/site\\\/\"]}]},{\"@type\":\"ImageObject\",\"inLanguage\":\"pt-BR\",\"@id\":\"https:\\\/\\\/phsusinagem.com.br\\\/site\\\/#primaryimage\",\"url\":\"https:\\\/\\\/phsusinagem.com.br\\\/site\\\/wp-content\\\/uploads\\\/2024\\\/01\\\/logo-phs-1.png\",\"contentUrl\":\"https:\\\/\\\/phsusinagem.com.br\\\/site\\\/wp-content\\\/uploads\\\/2024\\\/01\\\/logo-phs-1.png\",\"width\":213,\"height\":131},{\"@type\":\"BreadcrumbList\",\"@id\":\"https:\\\/\\\/phsusinagem.com.br\\\/site\\\/#breadcrumb\",\"itemListElement\":[{\"@type\":\"ListItem\",\"position\":1,\"name\":\"In\u00edcio\",\"item\":\"https:\\\/\\\/phsusinagem.com.br\\\/site\\\/\"},{\"@type\":\"ListItem\",\"position\":2,\"name\":\"Home\"}]},{\"@type\":\"WebSite\",\"@id\":\"https:\\\/\\\/phsusinagem.com.br\\\/site\\\/#website\",\"url\":\"https:\\\/\\\/phsusinagem.com.br\\\/site\\\/\",\"name\":\"PHS Usinagem\",\"description\":\"Ret\u00edfica e Usinagem Industrial\",\"potentialAction\":[{\"@type\":\"SearchAction\",\"target\":{\"@type\":\"EntryPoint\",\"urlTemplate\":\"https:\\\/\\\/phsusinagem.com.br\\\/site\\\/?s={search_term_string}\"},\"query-input\":{\"@type\":\"PropertyValueSpecification\",\"valueRequired\":true,\"valueName\":\"search_term_string\"}}],\"inLanguage\":\"pt-BR\"}]}<\/script>\n<!-- \/ Yoast SEO plugin. -->","yoast_head_json":{"title":"PHS Usinagem | Contato","description":"Entre em contato com a empresa PHS Usinagem e solicite seu or\u00e7amento para usinagem de pe\u00e7as de grande porte.","robots":{"index":"index","follow":"follow","max-snippet":"max-snippet:-1","max-image-preview":"max-image-preview:large","max-video-preview":"max-video-preview:-1"},"canonical":"https:\/\/phsusinagem.com.br\/site\/","og_locale":"pt_BR","og_type":"article","og_title":"PHS Usinagem | Contato","og_description":"Entre em contato com a empresa PHS Usinagem e solicite seu or\u00e7amento para usinagem de pe\u00e7as de grande porte.","og_url":"https:\/\/phsusinagem.com.br\/site\/","og_site_name":"PHS Usinagem","article_modified_time":"2024-01-12T19:34:57+00:00","og_image":[{"url":"https:\/\/phsusinagem.com.br\/site\/wp-content\/uploads\/2024\/01\/logo-phs-1.png","type":"","width":"","height":""}],"twitter_card":"summary_large_image","twitter_misc":{"Est. tempo de leitura":"1 minuto"},"schema":{"@context":"https:\/\/schema.org","@graph":[{"@type":"WebPage","@id":"https:\/\/phsusinagem.com.br\/site\/","url":"https:\/\/phsusinagem.com.br\/site\/","name":"PHS Usinagem | Contato","isPartOf":{"@id":"https:\/\/phsusinagem.com.br\/site\/#website"},"primaryImageOfPage":{"@id":"https:\/\/phsusinagem.com.br\/site\/#primaryimage"},"image":{"@id":"https:\/\/phsusinagem.com.br\/site\/#primaryimage"},"thumbnailUrl":"https:\/\/phsusinagem.com.br\/site\/wp-content\/uploads\/2024\/01\/logo-phs-1.png","datePublished":"2024-01-12T18:50:34+00:00","dateModified":"2024-01-12T19:34:57+00:00","description":"Entre em contato com a empresa PHS Usinagem e solicite seu or\u00e7amento para usinagem de pe\u00e7as de grande porte.","breadcrumb":{"@id":"https:\/\/phsusinagem.com.br\/site\/#breadcrumb"},"inLanguage":"pt-BR","potentialAction":[{"@type":"ReadAction","target":["https:\/\/phsusinagem.com.br\/site\/"]}]},{"@type":"ImageObject","inLanguage":"pt-BR","@id":"https:\/\/phsusinagem.com.br\/site\/#primaryimage","url":"https:\/\/phsusinagem.com.br\/site\/wp-content\/uploads\/2024\/01\/logo-phs-1.png","contentUrl":"https:\/\/phsusinagem.com.br\/site\/wp-content\/uploads\/2024\/01\/logo-phs-1.png","width":213,"height":131},{"@type":"BreadcrumbList","@id":"https:\/\/phsusinagem.com.br\/site\/#breadcrumb","itemListElement":[{"@type":"ListItem","position":1,"name":"In\u00edcio","item":"https:\/\/phsusinagem.com.br\/site\/"},{"@type":"ListItem","position":2,"name":"Home"}]},{"@type":"WebSite","@id":"https:\/\/phsusinagem.com.br\/site\/#website","url":"https:\/\/phsusinagem.com.br\/site\/","name":"PHS Usinagem","description":"Ret\u00edfica e Usinagem Industrial","potentialAction":[{"@type":"SearchAction","target":{"@type":"EntryPoint","urlTemplate":"https:\/\/phsusinagem.com.br\/site\/?s={search_term_string}"},"query-input":{"@type":"PropertyValueSpecification","valueRequired":true,"valueName":"search_term_string"}}],"inLanguage":"pt-BR"}]}},"_links":{"self":[{"href":"https:\/\/phsusinagem.com.br\/site\/wp-json\/wp\/v2\/pages\/10","targetHints":{"allow":["GET"]}}],"collection":[{"href":"https:\/\/phsusinagem.com.br\/site\/wp-json\/wp\/v2\/pages"}],"about":[{"href":"https:\/\/phsusinagem.com.br\/site\/wp-json\/wp\/v2\/types\/page"}],"author":[{"embeddable":true,"href":"https:\/\/phsusinagem.com.br\/site\/wp-json\/wp\/v2\/users\/1"}],"replies":[{"embeddable":true,"href":"https:\/\/phsusinagem.com.br\/site\/wp-json\/wp\/v2\/comments?post=10"}],"version-history":[{"count":52,"href":"https:\/\/phsusinagem.com.br\/site\/wp-json\/wp\/v2\/pages\/10\/revisions"}],"predecessor-version":[{"id":11,"href":"https:\/\/phsusinagem.com.br\/site\/wp-json\/wp\/v2\/pages\/10\/revisions\/11"}],"wp:attachment":[{"href":"https:\/\/phsusinagem.com.br\/site\/wp-json\/wp\/v2\/media?parent=10"}],"curies":[{"name":"wp","href":"https:\/\/api.w.org\/{rel}","templated":true}]}}